{"id":3208,"date":"2013-11-20T16:15:25","date_gmt":"2013-11-20T16:15:25","guid":{"rendered":"http:\/\/localhost:8888\/themes\/novice\/?page_id=3208"},"modified":"2019-07-12T11:57:37","modified_gmt":"2019-07-12T11:57:37","slug":"haberler","status":"publish","type":"page","link":"https:\/\/www.ersel.tc\/en\/haberler\/","title":{"rendered":"News"},"content":{"rendered":"<p>[vc_row][vc_column width=&#8221;1\/1&#8243;]<div class=\"blog-shortcode blog-page blog-medium\"><div class=\"blog-wrap\"><article id=\"post-16389\" class=\"clearfix post-16389 post type-post status-publish format-standard has-post-thumbnail hentry category-haberler-duyurular tag-foseptik tag-makas-platform tag-scissor-platform tag-septic-tank\">\n    \n        <div class=\"entry-image\">\n        <a href=\"https:\/\/www.ersel.tc\/en\/makas-platform-foseptik-bosaltma-2\/\" title=\"Permalink to Septic Tank With Scissor Platform Vehicle (Special Product)\" rel=\"bookmark\">\n            <img width=\"600\" height=\"400\" src=\"https:\/\/www.ersel.tc\/wp-content\/uploads\/2018\/12\/WhatsApp-Image-2018-11-29-at-12.29.25-600x400.jpeg\" class=\"attachment-portfolio size-portfolio wp-post-image\" alt=\"\" loading=\"lazy\" \/>        <\/a>\n    <\/div>\n        \n    <div class=\"entry-wrap\">\n\n        <div class=\"entry-title\">\n        \t<h2><a href=\"https:\/\/www.ersel.tc\/en\/makas-platform-foseptik-bosaltma-2\/\" title=\"Permalink to Septic Tank With Scissor Platform Vehicle (Special Product)\" rel=\"bookmark\">Septic Tank With Scissor Platform Vehicle (Special Product)<\/a><\/h2>\n        <\/div>\n\n        <div class=\"entry-content\">\n        \tNew Istanbul airport for THY Cargo and THY Technic team \"Septic Tank With Scissor Platform Vehicle\" products are produced.        <\/div>\n\n        <div class=\"entry-meta\">\n            <ul>\n\t\t\t\t\t<\/ul>\n        <\/div>\n\n    <\/div>\n\n<\/article><!-- #post -->\n\n<div class=\"clear\"><\/div><article id=\"post-16256\" class=\"clearfix post-16256 post type-post status-publish format-video has-post-thumbnail hentry category-haberler-duyurular tag-base-station tag-baz-istasyonu tag-gunes-enerjisi tag-mobil tag-mobil-baz-istasyonu tag-mobile tag-renewable-energy tag-romork tag-solar-energy tag-trailer tag-yenilenebilir-enerji post_format-post-format-video\">\n\n\t    <div class=\"entry-video\">\n       <iframe title=\"Ersel Technology - R\u00f6mork Tipi Baz \u0130stasyonu Mobil G\u00fcne\u015f Enerji Sistemi\" width=\"1161\" height=\"653\" src=\"https:\/\/www.youtube.com\/embed\/EIXOw78kX_s?feature=oembed\" frameborder=\"0\" allow=\"accelerometer; autoplay; clipboard-write; encrypted-media; gyroscope; picture-in-picture; web-share\" referrerpolicy=\"strict-origin-when-cross-origin\" allowfullscreen><\/iframe>    <\/div>\n    \n    <div class=\"entry-wrap\">\n\n        <div class=\"entry-title\">\n        \t<h2><a href=\"https:\/\/www.ersel.tc\/en\/romork-mobil-baz-gunes-enerjisi\/\" title=\"Permalink to Trailer Type Base Station Mobile Solar Energy System\" rel=\"bookmark\">Trailer Type Base Station Mobile Solar Energy System<\/a><\/h2>\n        <\/div>\n\n        <div class=\"entry-content\">\n        \tKaputa\u015f beach and transportation road have always been a problem in terms of GSM coverage. It is costly and difficult to deliver energy to such areas. As a result of... <a class=\"read-more-link\" href=\"https:\/\/www.ersel.tc\/en\/romork-mobil-baz-gunes-enerjisi\/\">read more  &rarr;<\/a>        <\/div>\n\n        <div class=\"entry-meta\">\n            <ul>\n\t\t\t\t\t<\/ul>\n        <\/div>\n\n    <\/div>\n\n<\/article><!-- #post -->\n\n<div class=\"clear\"><\/div><article id=\"post-16252\" class=\"clearfix post-16252 post type-post status-publish format-standard has-post-thumbnail hentry category-haberler-duyurular category-uncategorized tag-aircraft-glass-replacement tag-platform tag-ucak-cam-degisimi tag-ucak-cami\">\n    \n        <div class=\"entry-image\">\n        <a href=\"https:\/\/www.ersel.tc\/en\/ucak-cam-degisimi-ozel-urun\/\" title=\"Permalink to Aircraft Glass Replacement Special Product\" rel=\"bookmark\">\n            <img width=\"600\" height=\"400\" src=\"https:\/\/www.ersel.tc\/wp-content\/uploads\/2018\/08\/WhatsApp-Image-2018-08-15-at-17.43.07-600x400.jpeg\" class=\"attachment-portfolio size-portfolio wp-post-image\" alt=\"\" loading=\"lazy\" \/>        <\/a>\n    <\/div>\n        \n    <div class=\"entry-wrap\">\n\n        <div class=\"entry-title\">\n        \t<h2><a href=\"https:\/\/www.ersel.tc\/en\/ucak-cam-degisimi-ozel-urun\/\" title=\"Permalink to Aircraft Glass Replacement Special Product\" rel=\"bookmark\">Aircraft Glass Replacement Special Product<\/a><\/h2>\n        <\/div>\n\n        <div class=\"entry-content\">\n        \tAircraft glass exchange, which is an issue that pushes the airport ground crews, has reached a solution with our R &amp; D product which has been made with Turkish Technic... <a class=\"read-more-link\" href=\"https:\/\/www.ersel.tc\/en\/ucak-cam-degisimi-ozel-urun\/\">read more  &rarr;<\/a>        <\/div>\n\n        <div class=\"entry-meta\">\n            <ul>\n\t\t\t\t\t<\/ul>\n        <\/div>\n\n    <\/div>\n\n<\/article><!-- #post -->\n\n<div class=\"clear\"><\/div><article id=\"post-16359\" class=\"clearfix post-16359 post type-post status-publish format-standard has-post-thumbnail hentry category-haberler-duyurular tag-53 tag-airport-show tag-aviation tag-aviation-fair tag-dubai tag-fair tag-fuar tag-havacilik-fuari\">\n    \n        <div class=\"entry-image\">\n        <a href=\"https:\/\/www.ersel.tc\/en\/airport-show-2017\/\" title=\"Permalink to Airport Show 2017 Dubai\" rel=\"bookmark\">\n            <img width=\"600\" height=\"400\" src=\"https:\/\/www.ersel.tc\/wp-content\/uploads\/2018\/10\/Dubai_Airport_Show_2017_Web-600x400.png\" class=\"attachment-portfolio size-portfolio wp-post-image\" alt=\"\" loading=\"lazy\" \/>        <\/a>\n    <\/div>\n        \n    <div class=\"entry-wrap\">\n\n        <div class=\"entry-title\">\n        \t<h2><a href=\"https:\/\/www.ersel.tc\/en\/airport-show-2017\/\" title=\"Permalink to Airport Show 2017 Dubai\" rel=\"bookmark\">Airport Show 2017 Dubai<\/a><\/h2>\n        <\/div>\n\n        <div class=\"entry-content\">\n        \tAirport Show 2017 Dubai As Ersel Technology, we were at Dubai International Fair Center on 15 - 17 May 2017 at the Airport Show 2015 Dubai.        <\/div>\n\n        <div class=\"entry-meta\">\n            <ul>\n\t\t\t\t\t<\/ul>\n        <\/div>\n\n    <\/div>\n\n<\/article><!-- #post -->\n\n<div class=\"clear\"><\/div><article id=\"post-16349\" class=\"clearfix post-16349 post type-post status-publish format-standard has-post-thumbnail hentry category-haberler-duyurular tag-53 tag-airport-fair tag-aviation tag-aviation-fair tag-europe tag-fair tag-fuar tag-havacilik-fuari tag-inter tag-inter-airport-europe-2017\">\n    \n        <div class=\"entry-image\">\n        <a href=\"https:\/\/www.ersel.tc\/en\/iae2017\/\" title=\"Permalink to Inter Airport Europe 2017\" rel=\"bookmark\">\n            <img width=\"600\" height=\"400\" src=\"https:\/\/www.ersel.tc\/wp-content\/uploads\/2018\/10\/Blog_Bild-600x450-600x400.jpg\" class=\"attachment-portfolio size-portfolio wp-post-image\" alt=\"\" loading=\"lazy\" \/>        <\/a>\n    <\/div>\n        \n    <div class=\"entry-wrap\">\n\n        <div class=\"entry-title\">\n        \t<h2><a href=\"https:\/\/www.ersel.tc\/en\/iae2017\/\" title=\"Permalink to Inter Airport Europe 2017\" rel=\"bookmark\">Inter Airport Europe 2017<\/a><\/h2>\n        <\/div>\n\n        <div class=\"entry-content\">\n        \tInter Airport Europe 2017 As Ersel Technology, we were at Inter Airport Europe fair between 10 - 13 October 2017 in Munich Exhibition Center.        <\/div>\n\n        <div class=\"entry-meta\">\n            <ul>\n\t\t\t\t\t<\/ul>\n        <\/div>\n\n    <\/div>\n\n<\/article><!-- #post -->\n\n<div class=\"clear\"><\/div><article id=\"post-16355\" class=\"clearfix post-16355 post type-post status-publish format-standard has-post-thumbnail hentry category-haberler-duyurular tag-65 tag-airport-show tag-airport-show-2016-dubai tag-aviation tag-aviation-fair tag-dubai tag-fair tag-fuar tag-havacilik-fuari\">\n    \n        <div class=\"entry-image\">\n        <a href=\"https:\/\/www.ersel.tc\/en\/airport-show-2016\/\" title=\"Permalink to Airport Show 2016 Dubai\" rel=\"bookmark\">\n            <img width=\"600\" height=\"322\" src=\"https:\/\/www.ersel.tc\/wp-content\/uploads\/2018\/10\/AS2016-logo-600x322.jpg\" class=\"attachment-portfolio size-portfolio wp-post-image\" alt=\"\" loading=\"lazy\" \/>        <\/a>\n    <\/div>\n        \n    <div class=\"entry-wrap\">\n\n        <div class=\"entry-title\">\n        \t<h2><a href=\"https:\/\/www.ersel.tc\/en\/airport-show-2016\/\" title=\"Permalink to Airport Show 2016 Dubai\" rel=\"bookmark\">Airport Show 2016 Dubai<\/a><\/h2>\n        <\/div>\n\n        <div class=\"entry-content\">\n        \tAirport Show 2016 Dubai As Ersel Technology, we were at Dubai International Fair Center on 9 - 11 May 2016 at the Airport Show 2016 Dubai.        <\/div>\n\n        <div class=\"entry-meta\">\n            <ul>\n\t\t\t\t\t<\/ul>\n        <\/div>\n\n    <\/div>\n\n<\/article><!-- #post -->\n\n<div class=\"clear\"><\/div><article id=\"post-15963\" class=\"clearfix post-15963 post type-post status-publish format-standard has-post-thumbnail hentry category-haberler-duyurular tag-53 tag-airport-show tag-aviation tag-aviation-fair tag-dubai tag-fair tag-fuar tag-havacilik-fuari\">\n    \n        <div class=\"entry-image\">\n        <a href=\"https:\/\/www.ersel.tc\/en\/airport-show-2015-dubai-2\/\" title=\"Permalink to Airport Show 2015 Dubai\" rel=\"bookmark\">\n            <img width=\"419\" height=\"133\" src=\"https:\/\/www.ersel.tc\/wp-content\/uploads\/2018\/04\/airport_show_2015.jpg\" class=\"attachment-portfolio size-portfolio wp-post-image\" alt=\"\" loading=\"lazy\" srcset=\"https:\/\/www.ersel.tc\/wp-content\/uploads\/2018\/04\/airport_show_2015.jpg 419w, https:\/\/www.ersel.tc\/wp-content\/uploads\/2018\/04\/airport_show_2015-300x95.jpg 300w\" sizes=\"(max-width: 419px) 100vw, 419px\" \/>        <\/a>\n    <\/div>\n        \n    <div class=\"entry-wrap\">\n\n        <div class=\"entry-title\">\n        \t<h2><a href=\"https:\/\/www.ersel.tc\/en\/airport-show-2015-dubai-2\/\" title=\"Permalink to Airport Show 2015 Dubai\" rel=\"bookmark\">Airport Show 2015 Dubai<\/a><\/h2>\n        <\/div>\n\n        <div class=\"entry-content\">\n        \tAirport Show 2015 Dubai As Ersel Technology, we were at Dubai International Fair Center on 10 -12 May 2015 at the Airport Show 2015 Dubai Fair.        <\/div>\n\n        <div class=\"entry-meta\">\n            <ul>\n\t\t\t\t\t<\/ul>\n        <\/div>\n\n    <\/div>\n\n<\/article><!-- #post -->\n\n<div class=\"clear\"><\/div><article id=\"post-11997\" class=\"clearfix post-11997 post type-post status-publish format-standard has-post-thumbnail hentry category-haberler-duyurular tag-66 tag-airport-fair tag-aviation tag-aviation-fair tag-europe tag-fair tag-fuar tag-havacilik-fuari tag-inter tag-inter-airport-europe-2015\">\n    \n        <div class=\"entry-image\">\n        <a href=\"https:\/\/www.ersel.tc\/en\/iae2015\/\" title=\"Permalink to Inter Airport Europe 2015\" rel=\"bookmark\">\n            <img width=\"600\" height=\"400\" src=\"https:\/\/www.ersel.tc\/wp-content\/uploads\/2014\/12\/IAE2015_personalised_logo-600x400.png\" class=\"attachment-portfolio size-portfolio wp-post-image\" alt=\"\" loading=\"lazy\" \/>        <\/a>\n    <\/div>\n        \n    <div class=\"entry-wrap\">\n\n        <div class=\"entry-title\">\n        \t<h2><a href=\"https:\/\/www.ersel.tc\/en\/iae2015\/\" title=\"Permalink to Inter Airport Europe 2015\" rel=\"bookmark\">Inter Airport Europe 2015<\/a><\/h2>\n        <\/div>\n\n        <div class=\"entry-content\">\n        \tInter Airport Europe As Ersel Technology, we were at Inter Airport Europe fair between 6-9 October 2015 in Munich Exhibition Center.        <\/div>\n\n        <div class=\"entry-meta\">\n            <ul>\n\t\t\t\t\t<\/ul>\n        <\/div>\n\n    <\/div>\n\n<\/article><!-- #post -->\n\n<div class=\"clear\"><\/div><article id=\"post-16344\" class=\"clearfix post-16344 post type-post status-publish format-standard has-post-thumbnail hentry category-haberler-duyurular tag-68 tag-airport-fair tag-aviation tag-aviation-fair tag-europe tag-fair tag-fuar tag-havacilik-fuari tag-inter tag-inter-airport-europe-2013\">\n    \n        <div class=\"entry-image\">\n        <a href=\"https:\/\/www.ersel.tc\/en\/iae2013\/\" title=\"Permalink to Inter Airport Europe 2013\" rel=\"bookmark\">\n            <img width=\"600\" height=\"400\" src=\"https:\/\/www.ersel.tc\/wp-content\/uploads\/2018\/10\/Logo_Inter_Airport_Europe_2013-600x400.jpg\" class=\"attachment-portfolio size-portfolio wp-post-image\" alt=\"\" loading=\"lazy\" \/>        <\/a>\n    <\/div>\n        \n    <div class=\"entry-wrap\">\n\n        <div class=\"entry-title\">\n        \t<h2><a href=\"https:\/\/www.ersel.tc\/en\/iae2013\/\" title=\"Permalink to Inter Airport Europe 2013\" rel=\"bookmark\">Inter Airport Europe 2013<\/a><\/h2>\n        <\/div>\n\n        <div class=\"entry-content\">\n        \tInter Airport Europe As Ersel Technology, we were at the Inter Airport Europe fair on 8 -11 October 2013 in Munich Exhibition Center.        <\/div>\n\n        <div class=\"entry-meta\">\n            <ul>\n\t\t\t\t\t<\/ul>\n        <\/div>\n\n    <\/div>\n\n<\/article><!-- #post -->\n\n<div class=\"clear\"><\/div><\/div><\/div>[\/vc_column][\/vc_row]<\/p>","protected":false},"excerpt":{"rendered":"<p>[vc_row][vc_column width=&#8221;1\/1&#8243;][\/vc_column][\/vc_row]<\/p>\n","protected":false},"author":1,"featured_media":0,"parent":0,"menu_order":0,"comment_status":"open","ping_status":"closed","template":"","meta":{"spay_email":""},"_links":{"self":[{"href":"https:\/\/www.ersel.tc\/en\/wp-json\/wp\/v2\/pages\/3208"}],"collection":[{"href":"https:\/\/www.ersel.tc\/en\/wp-json\/wp\/v2\/pages"}],"about":[{"href":"https:\/\/www.ersel.tc\/en\/wp-json\/wp\/v2\/types\/page"}],"author":[{"embeddable":true,"href":"https:\/\/www.ersel.tc\/en\/wp-json\/wp\/v2\/users\/1"}],"replies":[{"embeddable":true,"href":"https:\/\/www.ersel.tc\/en\/wp-json\/wp\/v2\/comments?post=3208"}],"version-history":[{"count":7,"href":"https:\/\/www.ersel.tc\/en\/wp-json\/wp\/v2\/pages\/3208\/revisions"}],"predecessor-version":[{"id":16526,"href":"https:\/\/www.ersel.tc\/en\/wp-json\/wp\/v2\/pages\/3208\/revisions\/16526"}],"wp:attachment":[{"href":"https:\/\/www.ersel.tc\/en\/wp-json\/wp\/v2\/media?parent=3208"}],"curies":[{"name":"wp","href":"https:\/\/api.w.org\/{rel}","templated":true}]}}

<p>[vc_row][vc_column width=&#8221;1/1&#8243;]<div class="blog-shortcode blog-page blog-medium"><div class="blog-wrap"><article id="post-16389" class="clearfix post-16389 post type-post status-publish format-standard has-post-thumbnail hentry category-haberler-duyurular tag-foseptik tag-makas-platform tag-scissor-platform tag-septic-tank">
    
        <div class="entry-image">
        <a href="https://www.ersel.tc/en/makas-platform-foseptik-bosaltma-2/" title="Permalink to Septic Tank With Scissor Platform Vehicle (Special Product)" rel="bookmark">
            <img width="600" height="400" src="https://www.ersel.tc/wp-content/uploads/2018/12/WhatsApp-Image-2018-11-29-at-12.29.25-600x400.jpeg" class="attachment-portfolio size-portfolio wp-post-image" alt="" loading="lazy" />        </a>
    </div>
        
    <div class="entry-wrap">

        <div class="entry-title">
        	<h2><a href="https://www.ersel.tc/en/makas-platform-foseptik-bosaltma-2/" title="Permalink to Septic Tank With Scissor Platform Vehicle (Special Product)" rel="bookmark">Septic Tank With Scissor Platform Vehicle (Special Product)</a></h2>
        </div>

        <div class="entry-content">
        	New Istanbul airport for THY Cargo and THY Technic team "Septic Tank With Scissor Platform Vehicle" products are produced.        </div>

        <div class="entry-meta">
            <ul>
					</ul>
        </div>

    </div>

</article><!-- #post -->

<div class="clear"></div><article id="post-16256" class="clearfix post-16256 post type-post status-publish format-video has-post-thumbnail hentry category-haberler-duyurular tag-base-station tag-baz-istasyonu tag-gunes-enerjisi tag-mobil tag-mobil-baz-istasyonu tag-mobile tag-renewable-energy tag-romork tag-solar-energy tag-trailer tag-yenilenebilir-enerji post_format-post-format-video">

	    <div class="entry-video">
       <iframe title="Ersel Technology - Römork Tipi Baz İstasyonu Mobil Güneş Enerji Sistemi" width="1161" height="653" src="https://www.youtube.com/embed/EIXOw78kX_s?feature=oembed" frameborder="0" allow="accelerometer; autoplay; clipboard-write; encrypted-media; gyroscope; picture-in-picture; web-share" referrerpolicy="strict-origin-when-cross-origin" allowfullscreen></iframe>    </div>
    
    <div class="entry-wrap">

        <div class="entry-title">
        	<h2><a href="https://www.ersel.tc/en/romork-mobil-baz-gunes-enerjisi/" title="Permalink to Trailer Type Base Station Mobile Solar Energy System" rel="bookmark">Trailer Type Base Station Mobile Solar Energy System</a></h2>
        </div>

        <div class="entry-content">
        	Kaputaş beach and transportation road have always been a problem in terms of GSM coverage. It is costly and difficult to deliver energy to such areas. As a result of... <a class="read-more-link" href="https://www.ersel.tc/en/romork-mobil-baz-gunes-enerjisi/">read more  &rarr;</a>        </div>

        <div class="entry-meta">
            <ul>
					</ul>
        </div>

    </div>

</article><!-- #post -->

<div class="clear"></div><article id="post-16252" class="clearfix post-16252 post type-post status-publish format-standard has-post-thumbnail hentry category-haberler-duyurular category-uncategorized tag-aircraft-glass-replacement tag-platform tag-ucak-cam-degisimi tag-ucak-cami">
    
        <div class="entry-image">
        <a href="https://www.ersel.tc/en/ucak-cam-degisimi-ozel-urun/" title="Permalink to Aircraft Glass Replacement Special Product" rel="bookmark">
            <img width="600" height="400" src="https://www.ersel.tc/wp-content/uploads/2018/08/WhatsApp-Image-2018-08-15-at-17.43.07-600x400.jpeg" class="attachment-portfolio size-portfolio wp-post-image" alt="" loading="lazy" />        </a>
    </div>
        
    <div class="entry-wrap">

        <div class="entry-title">
        	<h2><a href="https://www.ersel.tc/en/ucak-cam-degisimi-ozel-urun/" title="Permalink to Aircraft Glass Replacement Special Product" rel="bookmark">Aircraft Glass Replacement Special Product</a></h2>
        </div>

        <div class="entry-content">
        	Aircraft glass exchange, which is an issue that pushes the airport ground crews, has reached a solution with our R &amp; D product which has been made with Turkish Technic... <a class="read-more-link" href="https://www.ersel.tc/en/ucak-cam-degisimi-ozel-urun/">read more  &rarr;</a>        </div>

        <div class="entry-meta">
            <ul>
					</ul>
        </div>

    </div>

</article><!-- #post -->

<div class="clear"></div><article id="post-16359" class="clearfix post-16359 post type-post status-publish format-standard has-post-thumbnail hentry category-haberler-duyurular tag-53 tag-airport-show tag-aviation tag-aviation-fair tag-dubai tag-fair tag-fuar tag-havacilik-fuari">
    
        <div class="entry-image">
        <a href="https://www.ersel.tc/en/airport-show-2017/" title="Permalink to Airport Show 2017 Dubai" rel="bookmark">
            <img width="600" height="400" src="https://www.ersel.tc/wp-content/uploads/2018/10/Dubai_Airport_Show_2017_Web-600x400.png" class="attachment-portfolio size-portfolio wp-post-image" alt="" loading="lazy" />        </a>
    </div>
        
    <div class="entry-wrap">

        <div class="entry-title">
        	<h2><a href="https://www.ersel.tc/en/airport-show-2017/" title="Permalink to Airport Show 2017 Dubai" rel="bookmark">Airport Show 2017 Dubai</a></h2>
        </div>

        <div class="entry-content">
        	Airport Show 2017 Dubai As Ersel Technology, we were at Dubai International Fair Center on 15 - 17 May 2017 at the Airport Show 2015 Dubai.        </div>

        <div class="entry-meta">
            <ul>
					</ul>
        </div>

    </div>

</article><!-- #post -->

<div class="clear"></div><article id="post-16349" class="clearfix post-16349 post type-post status-publish format-standard has-post-thumbnail hentry category-haberler-duyurular tag-53 tag-airport-fair tag-aviation tag-aviation-fair tag-europe tag-fair tag-fuar tag-havacilik-fuari tag-inter tag-inter-airport-europe-2017">
    
        <div class="entry-image">
        <a href="https://www.ersel.tc/en/iae2017/" title="Permalink to Inter Airport Europe 2017" rel="bookmark">
            <img width="600" height="400" src="https://www.ersel.tc/wp-content/uploads/2018/10/Blog_Bild-600x450-600x400.jpg" class="attachment-portfolio size-portfolio wp-post-image" alt="" loading="lazy" />        </a>
    </div>
        
    <div class="entry-wrap">

        <div class="entry-title">
        	<h2><a href="https://www.ersel.tc/en/iae2017/" title="Permalink to Inter Airport Europe 2017" rel="bookmark">Inter Airport Europe 2017</a></h2>
        </div>

        <div class="entry-content">
        	Inter Airport Europe 2017 As Ersel Technology, we were at Inter Airport Europe fair between 10 - 13 October 2017 in Munich Exhibition Center.        </div>

        <div class="entry-meta">
            <ul>
					</ul>
        </div>

    </div>

</article><!-- #post -->

<div class="clear"></div><article id="post-16355" class="clearfix post-16355 post type-post status-publish format-standard has-post-thumbnail hentry category-haberler-duyurular tag-65 tag-airport-show tag-airport-show-2016-dubai tag-aviation tag-aviation-fair tag-dubai tag-fair tag-fuar tag-havacilik-fuari">
    
        <div class="entry-image">
        <a href="https://www.ersel.tc/en/airport-show-2016/" title="Permalink to Airport Show 2016 Dubai" rel="bookmark">
            <img width="600" height="322" src="https://www.ersel.tc/wp-content/uploads/2018/10/AS2016-logo-600x322.jpg" class="attachment-portfolio size-portfolio wp-post-image" alt="" loading="lazy" />        </a>
    </div>
        
    <div class="entry-wrap">

        <div class="entry-title">
        	<h2><a href="https://www.ersel.tc/en/airport-show-2016/" title="Permalink to Airport Show 2016 Dubai" rel="bookmark">Airport Show 2016 Dubai</a></h2>
        </div>

        <div class="entry-content">
        	Airport Show 2016 Dubai As Ersel Technology, we were at Dubai International Fair Center on 9 - 11 May 2016 at the Airport Show 2016 Dubai.        </div>

        <div class="entry-meta">
            <ul>
					</ul>
        </div>

    </div>

</article><!-- #post -->

<div class="clear"></div><article id="post-15963" class="clearfix post-15963 post type-post status-publish format-standard has-post-thumbnail hentry category-haberler-duyurular tag-53 tag-airport-show tag-aviation tag-aviation-fair tag-dubai tag-fair tag-fuar tag-havacilik-fuari">
    
        <div class="entry-image">
        <a href="https://www.ersel.tc/en/airport-show-2015-dubai-2/" title="Permalink to Airport Show 2015 Dubai" rel="bookmark">
            <img width="419" height="133" src="https://www.ersel.tc/wp-content/uploads/2018/04/airport_show_2015.jpg" class="attachment-portfolio size-portfolio wp-post-image" alt="" loading="lazy" srcset="https://www.ersel.tc/wp-content/uploads/2018/04/airport_show_2015.jpg 419w, https://www.ersel.tc/wp-content/uploads/2018/04/airport_show_2015-300x95.jpg 300w" sizes="(max-width: 419px) 100vw, 419px" />        </a>
    </div>
        
    <div class="entry-wrap">

        <div class="entry-title">
        	<h2><a href="https://www.ersel.tc/en/airport-show-2015-dubai-2/" title="Permalink to Airport Show 2015 Dubai" rel="bookmark">Airport Show 2015 Dubai</a></h2>
        </div>

        <div class="entry-content">
        	Airport Show 2015 Dubai As Ersel Technology, we were at Dubai International Fair Center on 10 -12 May 2015 at the Airport Show 2015 Dubai Fair.        </div>

        <div class="entry-meta">
            <ul>
					</ul>
        </div>

    </div>

</article><!-- #post -->

<div class="clear"></div><article id="post-11997" class="clearfix post-11997 post type-post status-publish format-standard has-post-thumbnail hentry category-haberler-duyurular tag-66 tag-airport-fair tag-aviation tag-aviation-fair tag-europe tag-fair tag-fuar tag-havacilik-fuari tag-inter tag-inter-airport-europe-2015">
    
        <div class="entry-image">
        <a href="https://www.ersel.tc/en/iae2015/" title="Permalink to Inter Airport Europe 2015" rel="bookmark">
            <img width="600" height="400" src="https://www.ersel.tc/wp-content/uploads/2014/12/IAE2015_personalised_logo-600x400.png" class="attachment-portfolio size-portfolio wp-post-image" alt="" loading="lazy" />        </a>
    </div>
        
    <div class="entry-wrap">

        <div class="entry-title">
        	<h2><a href="https://www.ersel.tc/en/iae2015/" title="Permalink to Inter Airport Europe 2015" rel="bookmark">Inter Airport Europe 2015</a></h2>
        </div>

        <div class="entry-content">
        	Inter Airport Europe As Ersel Technology, we were at Inter Airport Europe fair between 6-9 October 2015 in Munich Exhibition Center.        </div>

        <div class="entry-meta">
            <ul>
					</ul>
        </div>

    </div>

</article><!-- #post -->

<div class="clear"></div><article id="post-16344" class="clearfix post-16344 post type-post status-publish format-standard has-post-thumbnail hentry category-haberler-duyurular tag-68 tag-airport-fair tag-aviation tag-aviation-fair tag-europe tag-fair tag-fuar tag-havacilik-fuari tag-inter tag-inter-airport-europe-2013">
    
        <div class="entry-image">
        <a href="https://www.ersel.tc/en/iae2013/" title="Permalink to Inter Airport Europe 2013" rel="bookmark">
            <img width="600" height="400" src="https://www.ersel.tc/wp-content/uploads/2018/10/Logo_Inter_Airport_Europe_2013-600x400.jpg" class="attachment-portfolio size-portfolio wp-post-image" alt="" loading="lazy" />        </a>
    </div>
        
    <div class="entry-wrap">

        <div class="entry-title">
        	<h2><a href="https://www.ersel.tc/en/iae2013/" title="Permalink to Inter Airport Europe 2013" rel="bookmark">Inter Airport Europe 2013</a></h2>
        </div>

        <div class="entry-content">
        	Inter Airport Europe As Ersel Technology, we were at the Inter Airport Europe fair on 8 -11 October 2013 in Munich Exhibition Center.        </div>

        <div class="entry-meta">
            <ul>
					</ul>
        </div>

    </div>

</article><!-- #post -->

<div class="clear"></div></div></div>[/vc_column][/vc_row]</p>
